Let b = h + 29. Suppose 4*z = 4*q - b, -3*z - 2 = -5*q - z. Let g(n) = n + 3. Calculate g(q).
3
Let z(f) be the first derivative of -f**4/6 + f**3 + 5*f**2/2 - 18*f + 27. Let a(o) be the first derivative of z(o). Determine a(5).
-15
Let l(z) = 8*z - 5 - 14 - 8 + 28. Determine l(2).
17
Let y be (2121/49 - 1) + (-2)/7. Let o = y + -40. Let q(m) be the third derivative of m**6/120 - m**5/30 - m**4/24 - m**2. Determine q(o).
-2
Let o(a) be the first derivative of a**4/4 + 2*a**3 - 5*a**2/2 + 8*a - 58. What is o(-6)?
38
Let g(w) be the third derivative of -w**4 + 13*w**2. Give g(-1).
24
Let w(x) be the third derivative of 0*x - 1/60*x**5 - 1/24*x**4 - 10*x**2 + 3*x**3 + 0. Let h be 1/(-4) - 2/(-8). Determine w(h).
18
Let t(n) = n**3 - n**2 - n - 1. Let x(c) = -3*c**3 + 3*c**2 + 3*c + 6. Let z(h) = 5*t(h) + x(h). Let r be (0/(-2) + -2)*-1. Determine z(r).
5
Let d(l) = -11*l + 10. Let x be d(4). Let b = 32 + x. Let h(u) = -u + 2. Calculate h(b).
4
Suppose 5*n + 245 = 220. Let l(y) = y**2 + 5*y - 4. Give l(n).
-4
Let w(a) = -a + 5. Let h(m) = 3*m**2 + m - 6. Let j be h(3). Suppose -j*g = -27*g. Determine w(g).
5
Let h(r) = r**2 - 6*r + 3. Let v be h(5). Let y(c) = -3*c - 1. Let n(b) = 3*b**2 + 10*b + 5. Let m(x) = -n(x) - 2*y(x). Calculate m(v).
-7
Suppose 0 = 4*z - 17 + 5. Let f be -7 - -7 - 0/(-1). Let t(l) = 3*l - 3*l + f - 3*l + 2. Give t(z).
-7
Let g(d) be the second derivative of d**3/6 + 6*d**2 + 2*d. Let w be (-4 - 0)*12/8. Give g(w).
6
Let p(h) be the third derivative of h**3 - 26*h**2 - 7/24*h**4 + 0 + 0*h + 1/120*h**6 - 1/15*h**5. What is p(4)?
-22
Let j(u) = 5 + 2*u + 0*u + 5*u - 6*u. Determine j(-7).
-2
Let i(p) = 640*p - 7 + 641*p + 637*p - 2550*p + 631*p. Let t = 3 - 9. Calculate i(t).
-1
Let d = 473 + -470. Let m(j) = j + 1. Determine m(d).
4
Let k(u) = u**2 - 2*u - 15. Let a be k(5). Let c(s) be the second derivative of -1/3*s**3 + 5*s - 4*s**2 + a. Give c(-7).
6
Suppose -2*g = -5*f - 9, g = 5*f + 44 - 37. Let w(i) = 15*i + 3. Determine w(f).
-12
Let c = 925 - 931. Let b(m) = -m**2 - 6*m - 4. Determine b(c).
-4
Let m(d) = -2*d**2 + 4*d + 3. Suppose 3*k = 2*q - 8, -2*k - 3*q - 8 = -7. Give m(k).
-13
Let b(s) = -2*s**2 - 6*s + 11. Let p(v) = v**2 - 1. Let k(h) = b(h) + 3*p(h). Suppose -12*z - 108 = -30*z. What is k(z)?
8
Let m(g) be the first derivative of g**4/4 + 2*g**3/3 - 3*g**2/2 + g - 66. Let k = -4 + 1. What is m(k)?
1
Let z be 70/15*6/14. Let h(q) be the third derivative of 8*q**z + 1/24*q**4 + 0*q**5 + 0*q**3 + 0 + 0*q - 1/120*q**6. What is h(-1)?
0
Let o(p) = 15*p + 3. Let l be 12/22 - (-728)/(-286). Give o(l).
-27
Let o(x) = 3*x**2 - 26*x - 21. Suppose -27 - 17 = -4*r. Let d(k) = -k**2 + 9*k + 7. Let b = 9 - 5. Let c(m) = b*o(m) + r*d(m). Give c(6).
-1
Suppose 0 = -0*q - 2*q + 12. Suppose -12*g + q*g = 6. Let d(f) = -13*f - 1. Calculate d(g).
12
Let b(y) = 2*y**2 - y**2 + 0*y**2 + 7*y - 1. Suppose -79*t = -81*t - 2. Let i(d) = -4*d**2 + 2*d. Let v be i(t). What is b(v)?
-7
Suppose z + 38 = 7. Let q = 34 + z. Let j(g) = -6*g**2 + 2*g + 1. Let l(y) = -y**2. Let h(r) = -j(r) + 5*l(r). Determine h(q).
2
Let t(d) = d**2 + 3*d - 4. Let v(f) = f**3 + 6*f**2 - 7*f + 1. Let x be v(-7). Suppose -2*m = 7 - x. Calculate t(m).
-4
Let l(k) = k**3 - 8*k**2 + k - 7. Let y be l(8). Let n be -3 + 4 + -3 + y. Let f(u) be the third derivative of -u**4/3 + u**3/6 + 33*u**2. Calculate f(n).
9
Let u be 1 - (-2)/(0 + 2). Suppose -i + 7 = -0*i - c, -i - 3*c - 13 = 0. Let d(r) = -7 - r**3 - r + 2*r + 2*r**2 - 4*r**u + 3*r**i. Determine d(0).
-7
Suppose -6 = -h - 10, 0 = 5*j + 4*h - 9. Let a(n) = -n**3 + 6*n**2 - n - 1. Give a(j).
19
Let o(k) be the first derivative of -2*k**2 + k - 5. Let c be ((-3)/(-6))/(2/36). Let b be -3 + c/3 + -1. Calculate o(b).
5
Let n(b) = -b**3 - b**2 + 4*b + 7. Let q be n(-2). Let c(m) = -5*m + 6. Give c(q).
-9
Let b(l) = 4*l**3 - 2*l**2 + 2*l - 1. Let r(n) = -n**2 - 16*n + 7. Let p be r(-17). Let x(v) = -v**2 - 11*v - 8. Let c be x(p). Suppose -1 = c*m - 3. Give b(m).
3
Let c(t) = -t**2 - 7*t - 5. Let s be 6 + -3*(3 + 1). Give c(s).
1
Let y(v) = v**3 - 3*v**2 - 3*v + 3. Let o(k) be the second derivative of -k**3/6 + 2*k**2 - 12*k. Let s be o(0). What is y(s)?
7
Suppose 2*o - 16 = -z, -6 = -3*z + o + 7. Let f(q) = -q**2 + 5*q + 3. What is f(z)?
-3
Let t(v) = 2*v**3 + v**2. Let a(q) = 5*q**3 + 8*q**2 + 17*q - 24. Let d(l) = -a(l) + 3*t(l). Give d(7).
3
Suppose 4 = -a, -k + 41 + 27 = -5*a. Suppose 7*o - k = -o. Let d(f) = -3 + f**2 - 6*f - o + 4. Determine d(7).
2
Let p(j) = -38*j**3 - j**2. Suppose -35 = -32*c - 3. Calculate p(c).
-39
Let o(d) be the second derivative of -3*d**2 + 7*d + 1/12*d**4 + 0 - 2/3*d**3. Give o(6).
6
Suppose 0 = -3*o + 4*d + 16, 4*d = 4*o - 2*o - 12. Let s(n) = 6*n**2 + o + 242*n**3 - n - 241*n**3 - 2. Determine s(-6).
8
Let v(c) = 186 - 557 + 171 + 183 - 10*c. Determine v(-2).
3
Let n be 4*(-2)/((-8 + 2)/3). Suppose -4*k + n*b - 5*b + 29 = 0, 2*k - 22 = -2*b. Let y(o) be the first derivative of 3*o**2/2 - 6*o - 1. Determine y(k).
12
Let f(s) be the first derivative of s**2 - s + 15. Suppose 4*d + 5 = 4*j - 5*j, 0 = 4*d + 8. Determine f(j).
5
Let i(g) = g**3 - 3. Let l(y) = -4*y**3 + 13*y**2 - 11*y + 45. Let v(a) = -5*i(a) - l(a). What is v(-14)?
12
Let d(r) be the second derivative of -4*r**2 + r + 0 + 1/6*r**3. Determine d(-6).
-14
Let r(m) = -5*m - 1. Let p = 9 + -4. Let o be ((-5 - -10) + -7)*-7. Suppose o - 19 = -p*i. Calculate r(i).
-6
Let f(t) be the second derivative of t**8/6720 - t**7/504 + 7*t**5/120 + 5*t**4/12 + 18*t. Let i(n) be the third derivative of f(n). Calculate i(5).
7
Let c = 70 + -67. Suppose -3*n - 4*w + 5 = 0, 5*n - c + 0 = -4*w. Let u(f) = -4*f**2 - 2*f - 1. Calculate u(n).
-3
Let j(p) = 2*p**2 + 15*p + 14. Let x(i) = i**2 + i. Let r(t) = j(t) - 3*x(t). Let q be r(13). Let f(b) = q + 2 - 2 - b + 5. What is f(6)?
0
Suppose -2*r - 48 = -5*r. Let t be 1 - r/((-8)/2). Let y(u) = -2*u + 4 + t*u + 2 - u. Calculate y(-6).
-6
Let j(y) = -y**2 - 3*y - 2. Let p be ((-3)/(-3))/((-3)/(-9)). Suppose 13 = 5*f + 3, -s - p*f + 6 = 0. Suppose 4*l - 3 + 11 = s. Give j(l).
0
Let r(k) = -10*k - 3. Let s be -4 - (-136 - 4 - 1). Let f = 135 - s. Give r(f).
17
Suppose 87*r - 46*r = -123. Let p(c) = c + 14. Calculate p(r).
11
Let r(n) = -n**2 + 10*n - 2. Let h(s) = -s**2 + 11*s - 2. Let a(k) = -4*h(k) + 5*r(k). Suppose -13*i + 0*i = -33*i + 80. Give a(i).
6
Let u(k) = -k**3 - k**2 - k - 2. Suppose -118 + 28 = -5*f. Let v(r) = -r**3 + 5*r**2 + 5*r - 9. Let j be v(5). Let c = j - f. Determine u(c).
4
Let k(t) be the third derivative of -t**4/24 + 25*t**3/6 + 8*t**2 + 9. Give k(13).
12
Let g(x) = x - 13. Suppose -8*r + 36 + 20 = 0. What is g(r)?
-6
Let v be -1 - (-8)/(-1*2). Let h(z) = 42 - 13*z + 5*z - 41. Let i(o) = 2*o. Let p(f) = 2*h(f) + 9*i(f). Determine p(v).
-8
Let g(v) = -2*v - 1. Let k(l) = -2*l - 3. Let h(u) = 6*g(u) - 5*k(u). What is h(11)?
-13
Suppose 9*p + g - 3 = 6*p, 0 = -2*p - g + 3. Let l(f) = 2*f - 7. What is l(p)?
-7
Let l(w) be the second derivative of -7*w**5/5 - w**3/6 + w**2/2 + 313*w. Calculate l(1).
-28
Let v(r) = -r**2 - 9*r + 21. Let j(w) = w**2 + 10*w - 21. Let l(p) = 3*j(p) + 4*v(p). Let z be l(-9). Let d(k) = -k**3 - 7*k**2 - 4*k + 7. Give d(z).
-5
Suppose 5*c - 5 - 10 = 0. Suppose -c = -2*u + 5. Suppose 3*b = -2*r + 11, -u*r + r - b = 1. Let p(t) = t**3 - t**2 - t + 1. Calculate p(r).
-9
Suppose -42 = -2*r - 19*r. Let b(j) be the third derivative of 0*j + 0 - 1/3*j**3 + j**r + 1/24*j**4. Determine b(6).
4
Let k(w) = -w**3 - 8*w**2 - 6*w - 8. Let x be 92/(-6) + 7/21. Let f(q) = 3*q + 32. Let a be f(x). Let m = a - -6. Give k(m).
-15
Let q(n) be the second derivative of -n**3/6 - 16*n**2 + 193*n. Determine q(-14).
-18
Let w be 2/5 - ((-132)/(-30) - 2). Let x(y) = -6*y**2 + y + 1. Let z(j) = -j**2 + j. Let t(r) = -x(r) + 3*z(r). Calculate t(w).
7
Let u(g) = -11*g + 49. Let w(a) be the third derivative of a**4/6 - 8*a**3/3 - 4*a**2. Let f(t) = -3*u(t) - 8*w(t). Give f(0).
-19
Let p = 30 - 29. Let a = -4 + p. Let i(d) be the first derivative of -d**4/4 - 2*d**3/3 + 2*d**2 + 4*d - 2. What is i(a)?
1
Let y(l) be the third derivative of -l**5/60 + 11*l**4/24 - 2*l**3 + l**2 + 7. Determine y(10).
-2
Let o(x) = -x**3 + x**2 + x - 12. Let b(h) = -2*h + 6. Let v = 9 - 20. Let 